{"id":341,"date":"2026-03-26T12:46:41","date_gmt":"2026-03-26T12:46:41","guid":{"rendered":"https:\/\/deleauetdesfleurs.fr\/?page_id=341"},"modified":"2026-03-26T13:16:20","modified_gmt":"2026-03-26T13:16:20","slug":"contact","status":"publish","type":"page","link":"https:\/\/deleauetdesfleurs.fr\/index.php\/contact\/","title":{"rendered":"Contact"},"content":{"rendered":"\n<div class=\"wp-block-columns is-layout-flex wp-container-core-columns-is-layout-28f84493 wp-block-columns-is-layout-flex\">\n<div class=\"wp-block-column is-layout-flow wp-block-column-is-layout-flow\" style=\"flex-basis:100%\">\n<div class=\"wp-block-columns is-layout-flex wp-container-core-columns-is-layout-28f84493 wp-block-columns-is-layout-flex\">\n<div class=\"wp-block-column is-layout-flow wp-block-column-is-layout-flow\">\n<p><\/p>\n\n\n\n<figure class=\"wp-block-image size-large\"><img loading=\"lazy\" decoding=\"async\" width=\"1024\" height=\"683\" src=\"https:\/\/deleauetdesfleurs.fr\/wp-content\/uploads\/2026\/03\/Carte-Postale-1024x683.jpg\" alt=\"CP\" class=\"wp-image-59\" srcset=\"https:\/\/deleauetdesfleurs.fr\/wp-content\/uploads\/2026\/03\/Carte-Postale-1024x683.jpg 1024w, https:\/\/deleauetdesfleurs.fr\/wp-content\/uploads\/2026\/03\/Carte-Postale-300x200.jpg 300w, https:\/\/deleauetdesfleurs.fr\/wp-content\/uploads\/2026\/03\/Carte-Postale-768x512.jpg 768w, https:\/\/deleauetdesfleurs.fr\/wp-content\/uploads\/2026\/03\/Carte-Postale.jpg 1152w\" sizes=\"auto, (max-width: 1024px) 100vw, 1024px\" \/><\/figure>\n<\/div>\n\n\n\n<div class=\"wp-block-column is-layout-flow wp-block-column-is-layout-flow\">\n<div class=\"wp-block-group has-mono-4-background-color has-background has-global-padding is-content-justification-left is-layout-constrained wp-container-core-group-is-layout-6aed826a wp-block-group-is-layout-constrained\" style=\"border-radius:0px;padding-top:var(--wp--preset--spacing--superbspacing-small);padding-right:var(--wp--preset--spacing--superbspacing-medium);padding-bottom:var(--wp--preset--spacing--superbspacing-small);padding-left:var(--wp--preset--spacing--superbspacing-medium)\">\n<div class=\"wp-block-group has-global-padding is-layout-constrained wp-container-core-group-is-layout-d598ad9d wp-block-group-is-layout-constrained\">\n<h2 class=\"wp-block-heading\">Nous contacter<\/h2>\n\n\n\n<p class=\"has-text-align-left has-primary-color has-text-color\" style=\"font-size:clamp(14px, 0.875rem + ((1vw - 3.2px) * 0.455), 18px);\"><strong>Les horaires de la boutique :<\/strong><\/p>\n\n\n\n<p class=\"has-text-align-left has-primary-color has-text-color\" style=\"font-size:clamp(14px, 0.875rem + ((1vw - 3.2px) * 0.227), 16px);\">du mardi au samedi : de 10h \u00e0 13h et de 15h \u00e0 19h30 &#8211; <\/p>\n\n\n\n<p class=\"has-text-align-left has-primary-color has-text-color\" style=\"font-size:clamp(14px, 0.875rem + ((1vw - 3.2px) * 0.227), 16px);\">le dimanche  : de 9h \u00e0 13h<\/p>\n\n\n\n<p class=\"has-primary-color has-text-color\" style=\"font-size:clamp(14px, 0.875rem + ((1vw - 3.2px) * 0.455), 18px);\"><strong>Pour vos commandes merci de contacter<\/strong><\/p>\n\n\n\n<p style=\"font-size:clamp(14px, 0.875rem + ((1vw - 3.2px) * 0.227), 16px);\">G\u00e9raldine : 06 58 63 18 54  \/ 01 34 16 20 96<\/p>\n\n\n\n<p class=\"has-text-align-left has-secondary-color has-text-color\" style=\"font-size:clamp(14px, 0.875rem + ((1vw - 3.2px) * 0.227), 16px);\"><a href=\"mailto:contact@deleauetdesfleurs.fr\" target=\"_blank\" rel=\"noreferrer noopener\">contact@deleauetdesfleurs.fr<\/a><\/p>\n\n\n\n<h3 class=\"wp-block-heading has-text-align-left has-primary-color has-text-color\" style=\"font-size:clamp(14px, 0.875rem + ((1vw - 3.2px) * 0.455), 18px);\"><strong>Venir nous voir : <\/strong><\/h3>\n\n\n\n<p class=\"has-text-align-left\"><a href=\"https:\/\/www.google.com\/maps\/dir\/\/De+l'Eau+et+des+Fleurs,+9+Pl.+Henri+Sestre,+95230+Soisy-sous-Montmorency\/@48.9880324,2.3014624,157m\/data=!3m1!1e3!4m8!4m7!1m0!1m5!1m1!1s0x47e66900274cdaa9:0x478a6c9704058479!2m2!1d2.3017455!2d48.9881016?hl=fr&amp;authuser=0&amp;entry=ttu&amp;g_ep=EgoyMDI2MDMwOC4wIKXMDSoASAFQAw%3D%3D\" target=\"_blank\" rel=\"noreferrer noopener\">9 Place Henri Sestre &#8211; 95230 Soisy-Sous-Montmorency<\/a><\/p>\n\n\n\n<p style=\"font-size:clamp(14px, 0.875rem + ((1vw - 3.2px) * 0.227), 16px);\"><strong>Instagram <\/strong>: <a href=\"https:\/\/www.instagram.com\/deleauetdesfleurs\/\" target=\"_blank\" rel=\"noreferrer noopener\">#deleauetdesfleurs<\/a><\/p>\n\n\n\n<p style=\"font-size:clamp(14px, 0.875rem + ((1vw - 3.2px) * 0.227), 16px);\"><strong>Facebook<\/strong> : <a href=\"https:\/\/www.facebook.com\/profile.php?id=61579167665004&amp;locale=fr_FR\" target=\"_blank\" rel=\"noreferrer noopener\">De l&rsquo;Eau et des Fleurs<\/a><\/p>\n<\/div>\n<\/div>\n<\/div>\n<\/div>\n<\/div>\n<\/div>\n","protected":false},"excerpt":{"rendered":"<p>Nous contacter Les horaires de la boutique : du mardi au samedi : de 10h \u00e0 13h et de 15h \u00e0 19h30 &#8211; le dimanche : de 9h \u00e0 13h Pour vos commandes merci de contacter G\u00e9raldine : 06 58 63 18 54 \/ 01 34 16 20 96 contact@deleauetdesfleurs.fr Venir nous voir : 9 [&hellip;]<\/p>\n","protected":false},"author":1,"featured_media":0,"parent":0,"menu_order":0,"comment_status":"closed","ping_status":"closed","template":"superbaddons-page-template","meta":{"_kadence_starter_templates_imported_post":false,"footnotes":""},"class_list":["post-341","page","type-page","status-publish","hentry"],"_links":{"self":[{"href":"https:\/\/deleauetdesfleurs.fr\/index.php\/wp-json\/wp\/v2\/pages\/341","targetHints":{"allow":["GET"]}}],"collection":[{"href":"https:\/\/deleauetdesfleurs.fr\/index.php\/wp-json\/wp\/v2\/pages"}],"about":[{"href":"https:\/\/deleauetdesfleurs.fr\/index.php\/wp-json\/wp\/v2\/types\/page"}],"author":[{"embeddable":true,"href":"https:\/\/deleauetdesfleurs.fr\/index.php\/wp-json\/wp\/v2\/users\/1"}],"replies":[{"embeddable":true,"href":"https:\/\/deleauetdesfleurs.fr\/index.php\/wp-json\/wp\/v2\/comments?post=341"}],"version-history":[{"count":21,"href":"https:\/\/deleauetdesfleurs.fr\/index.php\/wp-json\/wp\/v2\/pages\/341\/revisions"}],"predecessor-version":[{"id":373,"href":"https:\/\/deleauetdesfleurs.fr\/index.php\/wp-json\/wp\/v2\/pages\/341\/revisions\/373"}],"wp:attachment":[{"href":"https:\/\/deleauetdesfleurs.fr\/index.php\/wp-json\/wp\/v2\/media?parent=341"}],"curies":[{"name":"wp","href":"https:\/\/api.w.org\/{rel}","templated":true}]}}